4 + -5 + 3 - 1/(-1). Suppose 2 = -5*u + 2*b + 19, 7 = d*u - 2*b. Suppose 4*j - 100 = u*x + 103, 0 = -4*x + 4. What are the prime factors of j?
2, 13
Let d(m) = 251*m + 209. List the prime factors of d(54).
13763
Suppose -22 = 3*v + 68. Let a = 180 - v. What are the prime factors of a?
2, 3, 5, 7
Suppose -10087*i = -10074*i - 182. Suppose 0 = 3*v - 6*v. Suppose v = -i*z + 2768 - 696. What are the prime factors of z?
2, 37
Suppose 5*z - 2*w - 116625 = 0, -115*z = -112*z - 2*w - 69979. List the prime factors of z.
83, 281
Let c(w) = -3*w**3 - 4*w**2 + 11*w + 32. Suppose -5*a - 15 = 0, 2*p - 7*p + 5*a - 15 = 0. List the prime factors of c(p).
2, 5, 47
Let m be 1/(-2) + 15/36*6. Suppose -m*y = 3*j - 5*j - 586, 4*y - 2*j - 1164 = 0. List the prime factors of y.
17
Let f(p) = -2*p**2 - 3*p + 322 - 322. Let j be f(-2). List the prime factors of j - (-14)/6 - (-170)/3.
3, 19
Let x(o) = 843*o**3 - 2*o**2 - 5*o - 4. Let m be x(-1). Let w be m/6 + (5 - (-112)/(-21)). Let n = w + 248. What are the prime factors of n?
107
Let v(c) = -c**2 + 21*c - 54. Let d be v(3). Suppose 5*i = 2*o + 6941, -2*o + d = 6. What are the prime factors of i?
19, 73
Let x(n) = -n**2 - 19*n + 5. Let g(w) = -5*w - 10. Let d(o) = 10*o + 19. Let z(u) = 4*d(u) + 7*g(u). Let v be z(-3). List the prime factors of x(v).
5, 19
Suppose 0 = 3*q + 6, -24*q + 21*q - 4938 = -3*h. What are the prime factors of h?
2, 3, 137
Let l = 148329 + -90546. List the prime factors of l.
3, 11, 17, 103
Suppose 5*y - 7*x - 5088 = 0, x - 5136 = -y - 4*y. List the prime factors of y.
2, 3, 19
Suppose 2*y = 4*p - 4500, 1457 = 2*p + 10*y - 749. List the prime factors of p.
1123
Suppose -9*x = -6720 - 15726. Suppose -3302 = -7*y + x. What are the prime factors of y?
2, 3, 23
Let y(g) = -g**3 + 76*g**2 - 144*g - 207. What are the prime factors of y(71)?
2, 83, 89
Let x = 8 - 0. Let w(i) = -i**3 - 10*i**2 - 14*i + 6. Let a be w(-2). Suppose -k - 3*h = -217, -3*h + 390 = a*k - x*h. List the prime factors of k.
5, 41
Let s be (-168)/40 + 8/(-10). Let o be (-1 + 22/s)*(-8 - -3). Suppose o = 11*y - 2*y. What are the prime factors of y?
3
Let w(k) = -150*k**2 + 4*k + 29 + 309*k**2 - 148*k**2. List the prime factors of w(-5).
2, 71
Suppose 2*u - 1728 = -6*u. Let f = 570 - u. List the prime factors of f.
2, 3, 59
Suppose -2*h = -y - 3*y + 12, 2*y - 2 = 2*h. Suppose -3*n = i - 4*i - 2967, h*n + i = 3931. Suppose -8*x + n = -0*x. What are the prime factors of x?
3, 41
Let a = 3 - 2. Let t = -831 - -662. What are the prime factors of a - (-9)/(-3) - (t - 0)?
167
Let y(b) = b**3 - 22*b**2 + 210*b - 52. What are the prime factors of y(38)?
2, 3, 431
Let x = 100464 + -55846. List the prime factors of x.
2, 7, 3187
Suppose -3*b + 5*z = 0, 2*b + 4*z + 12 = -10. Let x be b/(5/(-74))*-1. Let v = -4 - x. What are the prime factors of v?
2, 5, 7
Let c be -1*(0 + 0/(-4)). List the prime factors of 303 - (9 + -12)*(-1 + c).
2, 3, 5
Suppose -12*y + 96 = 4*y. Suppose -3*k = 3*w + 21, -y*k + 1 = -4*w - k. What are the prime factors of (w + (-25)/(-5))*145?
5, 29
Suppose 2*n = 4*x - 38444, 0 = 5*x - 42*n + 46*n - 48042. What are the prime factors of x?
2, 5, 31
Let r = 55 - 61. Let z(j) = -5*j - 27. List the prime factors of z(r).
3
Let i = -76 + 69. Let f(b) = -214*b**3 + 4*b**2 - 1. Let g(w) = -428*w**3 + 9*w**2 - 2. Let a(j) = i*f(j) + 3*g(j). List the prime factors of a(1).
2, 107
Let d = 246 + -134. Suppose 5*l = -3*o + d + 439, -704 = -4*o + l. What are the prime factors of o?
3, 59
Suppose -15 - 155 = -2*b. Let c = b - 81. Suppose 61 = -4*t + c*d + 473, 5*t + 5*d = 475. What are the prime factors of t?
3, 11
Suppose -19*j = -9*j + 10. List the prime factors of (-4*26/4)/(j/45).
2, 3, 5, 13
Let b(k) = -k**3 + 4*k**2 + 2*k + 10. Let y be b(-3). Let u = y - -398. List the prime factors of u.
3, 5, 31
Let c = 841 - -2009. Suppose 11995 = 31*k + c. What are the prime factors of k?
5, 59
Let m(t) = 37*t**2 + 24*t - 156. What are the prime factors of m(-15)?
3, 19, 137
Suppose 5*v - 175 = 5*o, 2*v + 6*o = o + 91. Suppose -v*p + 33*p = -275. What are the prime factors of p?
5, 11
Let i(r) = 265*r**3 - 2*r**2 + 3*r - 10. List the prime factors of i(4).
2, 5, 1693
Let b(g) = 2*g + 28. Let w be b(-15). Let z be w/((-4)/18*3). Suppose -3*u - 194 = -2*m, -z*m + 6*m - u = 298. List the prime factors of m.
2, 5
Let s = 18 - 15. Suppose 0 = -5*v + y + 877, 0*v - s*y - 531 = -3*v. List the prime factors of v.
5, 7
Let y(h) be the third derivative of -h**6/120 + 11*h**5/30 + h**4/4 - 55*h**3/6 - 50*h**2. List the prime factors of y(22).
7, 11
Let i(z) = 10*z**3 - 7*z**2 - 43*z + 110. What are the prime factors of i(10)?
2, 5, 449
Suppose 5*a = -5*o + 60360, 4*o = -3*a + 18403 + 17815. List the prime factors of a.
2, 5, 17, 71
Suppose -4*m = 5*q - 214127, 617*m = -5*q + 618*m + 214162. List the prime factors of q.
3, 4759
List the prime factors of ((-4390)/2*(-55 - -58))/((-2)/2).
3, 5, 439
Let g(d) = -109*d**2 + 5171*d + 66. What are the prime factors of g(45)?
2, 3, 17, 59
Suppose 2*z - 224*g - 4822 = -227*g, -2*z + 4*g = -4864. List the prime factors of z.
2, 5, 11
Let k = 26 - 30. Let d(v) = v**3 + 6*v**2 + 7*v + 8. Let h be d(k). What are the prime factors of (-12)/(-3)*(303/h - 3)?
89
Suppose 2*g = 3*g - 7*g. Suppose -2*j + g = q - 2, 3*j = -2*q. List the prime factors of (-622)/q + (-18)/27.
103
Let v(g) = g**3 + 5*g**2 + 3*g + 1. Let z be v(-4). Let x be ((-6)/z)/(24/(-60)). Suppose 147 = 2*k - m, x*k + 3*m - 204 = -m. What are the prime factors of k?
2, 3
Suppose 11*g - 55582 = 7*g + 3*x, 4*g = 2*x + 55580. Suppose -g + 2766 = -13*f. List the prime factors of f.
2, 107
Let y(w) = 9*w**2 - 231*w + 1436. List the prime factors of y(6).
2, 11, 17
Let z be -2 + (-4 - -2) - 5. Let a be (-12)/z - 55/(-15). Suppose i - a*r - 266 = 0, r + 790 + 22 = 3*i. What are the prime factors of i?
271
Suppose -2328 = 23*j - 24*j. Suppose -5*a - a = -j. What are the prime factors of a?
2, 97
Suppose -2*w + 54730 = -4*n + 11562, w + 3*n = 21599. List the prime factors of w.
2, 5, 17, 127
Let x = 1709 - 1598. Let v(d) = d + 2. Let c be v(5). Suppose x = c*q - 575. List the prime factors of q.
2, 7
Suppose -270*b = -261*b - 54. Let y(t) = 3*t**3 + t**2 + 8*t - 12. List the prime factors of y(b).
2, 3, 5
Suppose 3*j + 29 = -34. Let y be 6/j*(-4 + -3). Suppose -5*z = 4*i - 209, y*i + 227 = 6*i - z. What are the prime factors of i?
2, 7
What are the prime factors of 1284/(-8)*(34 - 100)?
3, 11, 107
Let i(a) = a**3 + 53*a**2 - 62*a - 568. What are the prime factors of i(-53)?
2, 3, 151
Let i(a) = -a**2 + 10*a + 3. Let h be i(9). Suppose -33 = -o - f, -4 = -2*f + 2. What are the prime factors of 2/h + 1315/o?
2, 11
Let w(d) = 373*d - 840. What are the prime factors of w(22)?
2, 29, 127
Let b = -302 - -315. Suppose -q - 4 = 0, b*u + q = 11*u + 612. List the prime factors of u.
2, 7, 11
Let g be ((-4)/(-8))/((-2)/848*2). Let a = g - -185. Let i = -62 + a. What are the prime factors of i?
17
Let m(u) = u**3 - 6*u**2 - 12*u - 2. Suppose -5*q = -l - 44, 2*l = 6*l + 16. What are the prime factors of m(q)?
2, 3, 5
Suppose -1 = y, -2*y + 24334 + 15123 = 3*z. List the prime factors of z.
7, 1879
Let g = 136 + -132. Let o be ((-4)/8*-4 - g) + 4. Suppose -o*h = 3*p - 476, -2*h + p = -6*h + 972. What are the prime factors of h?
2, 61
Let r(w) = 46*w**2 - 74*w + 871. What are the prime factors of r(26)?
13, 2311
Let d = 23974 - 12548. What are the prime factors of d?
2, 29, 197
Let l = -11 + -3. Let g = -7 + l. Let j = g - -43. What are the prime factors of j?
2, 11
Let v(i) = 13*i**2 + 2*i + 6. Let m be v(-2). Suppose 6*q + 2*f = 3*q - m, -5*q - 90 = 5*f. What are the prime factors of (-2)/(-4)*(-5436)/q?
151
Let j(y) = -y**3 - 18*y**2 + 8*y + 18. Let k be j(-18). Let g be (k/(-12))/(6/8). Let q(x) = x**3 - 13*x**2 - 7*x - 18. What are the prime factors of q(g)?
2, 5
Let w be (-2 + 3)/1 + -108. Let y = 107 + w. Suppose -4*l + u = -919, -2*l + 3*u = -y*u - 457. What are the prime factors of l?
2, 5, 23
Let b(t) = 23*t**3 + 3*t**2 - 85*t + 462. List the prime factors of b(6).
2, 3, 419
Suppose s = 7 - 5. What are the prime factors of ((-932)/(-8))/(s/4)?
233
Let y be ((-2)/(-6) + -3)*6/(-4). Suppose 0 = w + 3*s - 265, 60 - 803 = -3*w + y*s. Let c = w + -160. List the prime fac